62
Let b(p) = -p**2 - 2*p + 18. Calculate b(-6).
-6
Let c(b) = 6*b - 7. What is c(-6)?
-43
Let s(r) = 5*r - 18. What is s(5)?
7
Let a(j) = 3*j**2 - 1. Give a(2).
11
Let v(b) = -b**2 + b - 4. What is v(0)?
-4
Let d(u) = -u**2 + 4*u - 3. What is d(4)?
-3
Let c(n) = -n + 20. Calculate c(22).
-2
Let b(q) = 11*q - 2. Determine b(0).
-2
Let s(q) = 6*q - 42. Give s(9).
12
Let y(g) = 6*g + 17. Determine y(-7).
-25
Let z(h) = -2*h + 21. What is z(11)?
-1
Let v(u) = 14*u**2 - u - 1. Give v(-1).
14
Let s(h) = -h**3 + 5*h**2 + 7*h - 4. Calculate s(6).
2
Let z(m) = m**3 - 25*m**2 - 26*m - 12. Calculate z(26).
-12
Let v(r) = -r**3 + 3*r**2 - 6*r + 6. Give v(4).
-34
Let w(y) = -y**2 - 21*y - 13. Calculate w(-19).
25
Let c(i) = -i**2 - 11*i - 14. What is c(-9)?
4
Let o(r) = -r**2 + 17*r - 46. Calculate o(21).
-130
Let i(l) = l**3 + 8*l**2 - 3*l - 18. What is i(-8)?
6
Let x(g) = 16*g**2 + 1. Calculate x(1).
17
Let g(w) = -w**2 - 9*w - 6. What is g(-6)?
12
Let f(j) = -12*j + 292. Determine f(24).
4
Let m(i) = -2*i**3 + 2*i**2 + 2*i + 2. Calculate m(-3).
68
Let j(q) = 20*q + 69. Give j(-4).
-11
Let i(a) = -a**3 - 8*a**2 - 4*a + 5. Calculate i(-8).
37
Let m(c) = -15*c - 244. Determine m(-16).
-4
Let h(w) = -w + 11. Determine h(14).
-3
Let c(f) = f - 4. Give c(9).
5
Let x(t) = 4*t - 19. What is x(1)?
-15
Let g(y) = 2*y + 40. Give g(-17).
6
Let x(k) = -15*k - 8. Calculate x(-2).
22
Let g(w) = -2*w - 20. Give g(-6).
-8
Let d(i) = -i**3 - i**2 - 6*i - 5. What is d(-3)?
31
Let d(o) = o**3 - 8*o**2 + 4*o + 9. Give d(6).
-39
Let b(o) = o**2 - 4*o - 6. Give b(6).
6
Let d(z) = -z**2 - z + 3. Calculate d(3).
-9
Let z(m) = -4*m + 66. Calculate z(24).
-30
Let s(h) = -h - 11. Give s(-15).
4
Let q(j) = 2*j**2 + 21*j - 37. Calculate q(-11).
-26
Let k(g) = -2*g**2 - 15*g. Determine k(-7).
7
Let z(w) = w**3 - 5*w**2 - 2*w + 3. Calculate z(5).
-7
Let o(q) = -q + 11. Determine o(7).
4
Let f(m) = m**2 - 10*m - 9. Give f(12).
15
Let y(q) = -q + 19. What is y(18)?
1
Let h(z) = z**2 + 6*z - 7. Calculate h(-9).
20
Let o(k) = k**3 + 15*k**2 - 18*k - 33. Determine o(-16).
-1
Let j(d) = d**2 + 3*d + 117. What is j(0)?
117
Let b(k) = k**3 + 5*k**2 + 2*k - 7. What is b(-4)?
1
Let d(b) = -2*b**3 + 5*b**2 - 4*b + 5. Determine d(3).
-16
Let l(z) = z**2 - 6*z + 4. Determine l(6).
4
Let x(d) = -d**3 + 5*d**2 - 4*d - 8. Give x(2).
-4
Let b(t) = t**3 + 7*t**2 + t - 5. Give b(-7).
-12
Let k(w) = 13*w + 63. What is k(-7)?
-28
Let x(v) = -10*v**2 + v. Calculate x(-1).
-11
Let n(a) = -321*a - 326. Calculate n(-1).
-5
Let n(o) = -o**2 + 5*o + 2. Determine n(6).
-4
Let o(t) = -t**2 - 37*t + 6. Give o(-37).
6
Let i(u) = 2*u**2 - 28*u - 25. What is i(14)?
-25
Let n(s) = -16*s**3 - 2*s**2 - 2*s + 4. Give n(1).
-16
Let i(r) = -3*r + 19. Calculate i(8).
-5
Let n(x) = -9*x**2 + 105*x + 20. Calculate n(12).
-16
Let w(s) = -5*s - 7. Calculate w(5).
-32
Let g(p) = -p**3 - 7*p**2 + 9*p + 2. Give g(-8).
-6
Let d(l) = -2*l**2 - 20*l - 14. What is d(-14)?
-126
Let c(z) = 14*z**3 - 5*z**2 + 2*z. What is c(1)?
11
Let k(d) = 12*d**2 - 1. Determine k(-1).
11
Let q(y) = 5*y**3 + y**2 - 8*y + 7. Determine q(2).
35
Let z(n) = -n**3 - 7*n**2 - 5*n - 28. Determine z(-7).
7
Let g(w) = w**3 + 8*w**2 - 33*w + 22. Calculate g(-11).
22
Let v(f) = -f**2 - 2*f - 2. Calculate v(-2).
-2
Let s(h) = h - 9. Give s(10).
1
Let c(m) = -m**2 - m + 2. Give c(3).
-10
Let c(j) = j**2 - 4*j + 2. What is c(6)?
14
Let t(c) = -3*c - 45. Calculate t(-18).
9
Let r(b) = -19*b - 130. Give r(-7).
3
Let c(v) = -v**2 + v. Calculate c(0).
0
Let c(r) = 7*r + 28. What is c(2)?
42
Let m(r) = 40*r + 2. What is m(1)?
42
Let h(z) = 7*z**2 - 1. What is h(1)?
6
Let s(w) = -5*w - 161. Give s(-30).
-11
Let v(u) = -52*u - 1. Calculate v(1).
-53
Let a(u) = 3*u + 163. Calculate a(-52).
7
Let r(j) = -j**3 - 28*j**2 + 62*j + 31. Calculate r(-30).
-29
Let a(x) = -5*x + 114. Give a(19).
19
Let l(q) = -2*q**2 + 24*q + 1. What is l(12)?
1
Let q(d) = d**2 + 17*d - 19. Determine q(-18).
-1
Let x(v) = v**2 - 24*v + 89. Calculate x(16).
-39
Let p(k) = 3*k - 7. Calculate p(3).
2
Let a(m) = m**3 - 23*m**2 + 77*m + 4. Determine a(19).
23
Let p(r) = r**3 - 50*r**2 - 2*r + 120. What is p(50)?
20
Let a(q) = q**3 - 7*q**2 + q - 5. Give a(7).
2
Let t(g) = -13*g - 207. Determine t(-16).
1
Let m(k) = k - 1. What is m(-6)?
-7
Let r(m) = m**3 - 10*m**2 + 2*m - 6. Give r(10).
14
Let i(j) = 6*j - 10. Give i(5).
20
Let u(k) = -k**2 - 5*k + 28. Determine u(-8).
4
Let j(s) = -2*s - 16. Calculate j(-4).
-8
Let w(t) = -6*t + 111. Give w(17).
9
Let z(y) = y**2 + 9*y - 7. Give z(-10).
3
Let d(p) = p**3 + 3*p**2 - 4*p + 2. Determine d(-4).
2
Let q(n) = 8*n - 97. Determine q(13).
7
Let f(z) = -z**2 + 10*z + 17. Determine f(12).
-7
Let g(v) = -31*v + 174. Give g(5).
19
Let z(f) = -22*f**3 + 5*f + 5. Determine z(-1).
22
Let v(g) = g**2 - 142*g - 578. Determine v(-4).
6
Let v(t) = 17*t - 6. Calculate v(-1).
-23
Let y(d) = -15*d + 1. Calculate y(-1).
16
Let o(z) = -8*z**3 + 7*z**2 - 6*z. Give o(1).
-7
Let n(h) = -h**2 + 8*h + 35. Determine n(17).
-118
Let j(a) = 2*a**2 + 2*a - 5. Give j(-5).
35
Let a(d) = d**2 + 5*d - 14. Calculate a(-7).
0
Let v(z) = -z**3 + 14*z**2 - 35*z - 41. What is v(10)?
9
Let z(t) = 15*t - 99. Determine z(7).
6
Let t(s) = -s**3 - 3*s**2 + 4*s + 4. Give t(-3).
-8
Let c(d) = -d**3 + 58*d**2 - 58*d + 63. Give c(57).
6
Let p(y) = -y**3 - 4*y**2 + 4*y - 8. Calculate p(-6).
40
Let u(j) = -2*j + 34. What is u(12)?
10
Let w(r) = -5*r + 4. Calculate w(2).
-6
Let n(x) = 2*x**3 - x**2 + 4*x - 3. What is n(2)?
17
Let v(g) = g**2 + 11*g - 18. Determine v(-13).
8
Let z(v) = -20*v + 10. Give z(3).
-50
Let h(p) = -p**3 + 13*p**2 - 27*p - 15. What is h(11)?
-70
Let p(s) = 2*s**2 - 24*s + 18. Determine p(11).
-4
Let j(g) = -g - 3. Give j(2).
-5
Let i(s) = -36*s + 49. What is i(2)?
-23
Let v(m) = -m**2 - 14*m - 3. Give v(-14).
-3
Let t(n) = -4*n - 37. What is t(-9)?
-1
Let h(g) = 14*g - 233. Calculate h(16).
-9
Let z(c) = 5*c + 9. Calculate z(-6).
-21
Let s(q) = 2*q - 18. Determine s(12).
6
Let u(z) = -z**3 + 7*z**2 + 8*z - 4. What is u(8)?
-4
Let s(t) = -t - 23. What is s(11)?
-34
Let t(o) = -18*o**2 - 3*o - 6. Determine t(-2).
-72
Let h(n) = -n**2 + 5*n + 10. What is h(-2)?
-4
Let p(u) = 2*u**2 - 73*u - 193. What is p(39)?
2
Let s(o) = -o**2 - 7*o + 10. Determine s(-7).
10
Let t(d) = 128*d**3 + d**2 - d + 1. Calculate t(1).
129
Let l(p) = -p**2 - 15*p - 29. Calculate l(-14).
-15
Let i(c) = -7*c + 109. Give i(24).
-59
Let j(a) = -2*a**2 - 35*a - 135. Determine j(-6).
3
Let p(m) = -m**3 + m**2 + 3*m - 4. What is p(3)?
-13
Let d(k) = -14*k**3 - 5*k**2 - 3*k + 4. Give d(-2).
102
Let b(k) = -2*k**2 + 11*k + 7. Determine b(6).
1
Let o(k) = -k**2 - 23*k + 96. Calculate o(-27).
-12
Let l(n) = 3*n**2 - 3*n - 2. What is l(-1)?
4
Let z(l) = -l - 9. Calculate z(13).
-22
Let d(k) = -k**3 + 20*k**2 - 2*k + 25. Give d(20).
-15
Let k(j) = j**3 - 12*j**2 - 11*j - 32. Give k(13).
-6
Let u(t) = t**3 + 16*t**2 + 64*t + 21. Give u(-6).
-3
Let o(v) = -v**2 + 12*v - 20. Calculate o(11).
-9
Let l(n) = -15*n**3 - 4*n**2 + 6*n + 2. Give l(2).
-122
Let q(v) = -3*v**2 + 28*v + 73. Give q(11).
18
Let j(n) = n**2 + 6*n - 9. Give j(-7).
-2
Let d(m) = m**2 + m - 5. What is d(4)?
15
Let c(z) = -2*z + 22. Determine c(-6).
34
Let h(p) = -p**3 + 7*p**2 + p - 11. What is h(7)?
-4
Let a(v) = 20*v**2 + 3*v - 3. Give a(-2).
71
Let p(u) = -12*u + 20. Calculate p(2).
-4
Let o(u) = 4*u - 32. Determine o(9).
4
Let k(y) = y**3 - 2*y**2 - y - 5. Give k(4).
23
Let k(y) = -y**3 - 13*y**2 - 38*y + 12. Give k(-8).
-4
Let p(y) = 14*y - 159. Calculate p(13).
23
Let r(f) = -f**2 + 16*f + 45. What is r(18)?
9
Let w(u) = 7*u - 6. Give w(-8).
-62
Let k(n) = 3*n**2 - 7*n - 21. Give k(6).
45
Let u(v) = -4*v**2 - 3*v - 3. Calculate u(-3).
-30
Let a(y) = 5*y + 27. Determine a(-10).
-23
Let v(m) = 12*m - 29. Calculate v(4).
19
Let h(f) = 3*f**2 + 18*f + 3. Calculate h(-6).
3
Let k(v) = 6*v + 28. Give k(8).
76
Let f(m) = -m**3 + 8*m**2 - 9*m + 15. Give f(7).
1
Let n(z) = -z**2 - 18*z + 57. What is n(-19)?
38
Let x(y) = 7*y + 73. Determine x(-8).
17
Let k(h) = -h**2 - 8*h - 4. Calculate k(-4).
12
Let u(h) = h**3 - 3*h**2 + 2*h - 5. Determine u(4).
19
Let k(p) = p**3 - 4*p**2 + 3*p - 5. What is k(4)?
7
Let p(q) = -q**3 - 9*q**2 - 4*q + 12. What is p(-8)?
